{"id":1037,"date":"2016-07-28T13:04:22","date_gmt":"2016-07-28T13:04:22","guid":{"rendered":"http:\/\/codevz.com\/d\/remix\/?page_id=1037"},"modified":"2016-07-28T13:04:22","modified_gmt":"2016-07-28T13:04:22","slug":"products-both-side-r","status":"publish","type":"page","link":"https:\/\/www.rcan.fr\/index.php\/products-both-side-r\/","title":{"rendered":"Products Both Side R"},"content":{"rendered":"<div class=\"woocommerce columns-2 \"><ul class=\"products columns-2\">\n<li class=\"product type-product post-1666 status-publish first instock product_cat-cd has-post-thumbnail shipping-taxable purchasable product-type-simple\">\n\t<a href=\"https:\/\/www.rcan.fr\/index.php\/produit\/cd-r-can-linexiplicable\/\" class=\"woocommerce-LoopProduct-link woocommerce-loop-product__link\"><img fetchpriority=\"high\" decoding=\"async\" width=\"300\" height=\"300\" src=\"data:image\/svg+xml,%3Csvg%20xmlns%3D&#39;http%3A%2F%2Fwww.w3.org%2F2000%2Fsvg&#39;%20width=&#39;300&#39;%20height=&#39;300&#39;%20viewBox%3D&#39;0%200%20300%20300&#39;%2F%3E\" data-czlz data-src=\"https:\/\/www.rcan.fr\/wp-content\/uploads\/2022\/05\/linexiplicable-300x300.png\" class=\"attachment-woocommerce_thumbnail size-woocommerce_thumbnail\" alt=\"CD R.CAN L&#039;INEXIPLICABLE\" data-srcset=\"https:\/\/www.rcan.fr\/wp-content\/uploads\/2022\/05\/linexiplicable-300x300.png 300w, https:\/\/www.rcan.fr\/wp-content\/uploads\/2022\/05\/linexiplicable-150x150.png 150w, https:\/\/www.rcan.fr\/wp-content\/uploads\/2022\/05\/linexiplicable-768x768.png 768w, https:\/\/www.rcan.fr\/wp-content\/uploads\/2022\/05\/linexiplicable-85x85.png 85w, https:\/\/www.rcan.fr\/wp-content\/uploads\/2022\/05\/linexiplicable-500x500.png 500w, https:\/\/www.rcan.fr\/wp-content\/uploads\/2022\/05\/linexiplicable-180x180.png 180w, https:\/\/www.rcan.fr\/wp-content\/uploads\/2022\/05\/linexiplicable-540x540.png 540w, https:\/\/www.rcan.fr\/wp-content\/uploads\/2022\/05\/linexiplicable-1000x1000.png 1000w, https:\/\/www.rcan.fr\/wp-content\/uploads\/2022\/05\/linexiplicable-600x600.png 600w, https:\/\/www.rcan.fr\/wp-content\/uploads\/2022\/05\/linexiplicable-100x100.png 100w, https:\/\/www.rcan.fr\/wp-content\/uploads\/2022\/05\/linexiplicable.png 886w\" data-sizes=\"(max-width: 300px) 100vw, 300px\" \/><h2 class=\"woocommerce-loop-product__title\">CD R.CAN L&rsquo;INEXIPLICABLE<\/h2>\n\t<span class=\"price\"><span class=\"woocommerce-Price-amount amount\"><bdi>15.00&nbsp;<span class=\"woocommerce-Price-currencySymbol\">&euro;<\/span><\/bdi><\/span><\/span>\n<\/a><a href=\"\/index.php\/wp-json\/wp\/v2\/pages\/1037?add-to-cart=1666\" aria-describedby=\"woocommerce_loop_add_to_cart_link_describedby_1666\" data-quantity=\"1\" class=\"button product_type_simple add_to_cart_button ajax_add_to_cart\" data-product_id=\"1666\" data-product_sku=\"\" aria-label=\"Ajouter au panier\u00a0: &ldquo;CD R.CAN L&#039;INEXIPLICABLE&rdquo;\" rel=\"nofollow\" data-success_message=\"\u00ab\u00a0CD R.CAN L&#039;INEXIPLICABLE\u00a0\u00bb a \u00e9t\u00e9 ajout\u00e9 \u00e0 votre panier\" role=\"button\">Ajouter au panier<\/a>\t<span id=\"woocommerce_loop_add_to_cart_link_describedby_1666\" class=\"screen-reader-text\">\n\t\t\t<\/span>\n<\/li>\n<li class=\"product type-product post-1665 status-publish last instock product_cat-cd has-post-thumbnail shipping-taxable purchasable product-type-simple\">\n\t<a href=\"https:\/\/www.rcan.fr\/index.php\/produit\/cd-r-can-temoignage\/\" class=\"woocommerce-LoopProduct-link woocommerce-loop-product__link\"><img decoding=\"async\" width=\"300\" height=\"300\" src=\"data:image\/svg+xml,%3Csvg%20xmlns%3D&#39;http%3A%2F%2Fwww.w3.org%2F2000%2Fsvg&#39;%20width=&#39;300&#39;%20height=&#39;300&#39;%20viewBox%3D&#39;0%200%20300%20300&#39;%2F%3E\" data-czlz data-src=\"https:\/\/www.rcan.fr\/wp-content\/uploads\/2022\/05\/temoignage-300x300.png\" class=\"attachment-woocommerce_thumbnail size-woocommerce_thumbnail\" alt=\"CD R.CAN TEMOIGNAGE\" data-srcset=\"https:\/\/www.rcan.fr\/wp-content\/uploads\/2022\/05\/temoignage-300x300.png 300w, https:\/\/www.rcan.fr\/wp-content\/uploads\/2022\/05\/temoignage-150x150.png 150w, https:\/\/www.rcan.fr\/wp-content\/uploads\/2022\/05\/temoignage-768x768.png 768w, https:\/\/www.rcan.fr\/wp-content\/uploads\/2022\/05\/temoignage-85x85.png 85w, https:\/\/www.rcan.fr\/wp-content\/uploads\/2022\/05\/temoignage-500x500.png 500w, https:\/\/www.rcan.fr\/wp-content\/uploads\/2022\/05\/temoignage-180x180.png 180w, https:\/\/www.rcan.fr\/wp-content\/uploads\/2022\/05\/temoignage-540x540.png 540w, https:\/\/www.rcan.fr\/wp-content\/uploads\/2022\/05\/temoignage-1000x1000.png 1000w, https:\/\/www.rcan.fr\/wp-content\/uploads\/2022\/05\/temoignage-600x600.png 600w, https:\/\/www.rcan.fr\/wp-content\/uploads\/2022\/05\/temoignage-100x100.png 100w, https:\/\/www.rcan.fr\/wp-content\/uploads\/2022\/05\/temoignage.png 886w\" data-sizes=\"(max-width: 300px) 100vw, 300px\" \/><h2 class=\"woocommerce-loop-product__title\">CD R.CAN TEMOIGNAGE<\/h2>\n\t<span class=\"price\"><span class=\"woocommerce-Price-amount amount\"><bdi>15.00&nbsp;<span class=\"woocommerce-Price-currencySymbol\">&euro;<\/span><\/bdi><\/span><\/span>\n<\/a><a href=\"\/index.php\/wp-json\/wp\/v2\/pages\/1037?add-to-cart=1665\" aria-describedby=\"woocommerce_loop_add_to_cart_link_describedby_1665\" data-quantity=\"1\" class=\"button product_type_simple add_to_cart_button ajax_add_to_cart\" data-product_id=\"1665\" data-product_sku=\"\" aria-label=\"Ajouter au panier\u00a0: &ldquo;CD R.CAN TEMOIGNAGE&rdquo;\" rel=\"nofollow\" data-success_message=\"\u00ab\u00a0CD R.CAN TEMOIGNAGE\u00a0\u00bb a \u00e9t\u00e9 ajout\u00e9 \u00e0 votre panier\" role=\"button\">Ajouter au panier<\/a>\t<span id=\"woocommerce_loop_add_to_cart_link_describedby_1665\" class=\"screen-reader-text\">\n\t\t\t<\/span>\n<\/li>\n<li class=\"product type-product post-1661 status-publish first instock product_cat-non-classe has-post-thumbnail virtual purchasable product-type-simple\">\n\t<a href=\"https:\/\/www.rcan.fr\/index.php\/produit\/cd-r-can-sur-mon-solex\/\" class=\"woocommerce-LoopProduct-link woocommerce-loop-product__link\"><img decoding=\"async\" width=\"300\" height=\"300\" src=\"data:image\/svg+xml,%3Csvg%20xmlns%3D&#39;http%3A%2F%2Fwww.w3.org%2F2000%2Fsvg&#39;%20width=&#39;300&#39;%20height=&#39;300&#39;%20viewBox%3D&#39;0%200%20300%20300&#39;%2F%3E\" data-czlz data-src=\"https:\/\/www.rcan.fr\/wp-content\/uploads\/2022\/05\/rcan-sur-mon-solex-album-300x300.jpg\" class=\"attachment-woocommerce_thumbnail size-woocommerce_thumbnail\" alt=\"CD R.CAN SUR MON SOLEX\" data-srcset=\"https:\/\/www.rcan.fr\/wp-content\/uploads\/2022\/05\/rcan-sur-mon-solex-album-300x300.jpg 300w, https:\/\/www.rcan.fr\/wp-content\/uploads\/2022\/05\/rcan-sur-mon-solex-album-150x150.jpg 150w, https:\/\/www.rcan.fr\/wp-content\/uploads\/2022\/05\/rcan-sur-mon-solex-album-85x85.jpg 85w, https:\/\/www.rcan.fr\/wp-content\/uploads\/2022\/05\/rcan-sur-mon-solex-album-500x500.jpg 500w, https:\/\/www.rcan.fr\/wp-content\/uploads\/2022\/05\/rcan-sur-mon-solex-album-180x180.jpg 180w, https:\/\/www.rcan.fr\/wp-content\/uploads\/2022\/05\/rcan-sur-mon-solex-album-1000x1000.jpg 1000w, https:\/\/www.rcan.fr\/wp-content\/uploads\/2022\/05\/rcan-sur-mon-solex-album-100x100.jpg 100w, https:\/\/www.rcan.fr\/wp-content\/uploads\/2022\/05\/rcan-sur-mon-solex-album.jpg 450w\" data-sizes=\"(max-width: 300px) 100vw, 300px\" \/><h2 class=\"woocommerce-loop-product__title\">CD R.CAN SUR MON SOLEX<\/h2>\n\t<span class=\"price\"><span class=\"woocommerce-Price-amount amount\"><bdi>20.00&nbsp;<span class=\"woocommerce-Price-currencySymbol\">&euro;<\/span><\/bdi><\/span><\/span>\n<\/a><a href=\"\/index.php\/wp-json\/wp\/v2\/pages\/1037?add-to-cart=1661\" aria-describedby=\"woocommerce_loop_add_to_cart_link_describedby_1661\" data-quantity=\"1\" class=\"button product_type_simple add_to_cart_button ajax_add_to_cart\" data-product_id=\"1661\" data-product_sku=\"200\" aria-label=\"Ajouter au panier\u00a0: &ldquo;CD R.CAN SUR MON SOLEX&rdquo;\" rel=\"nofollow\" data-success_message=\"\u00ab\u00a0CD R.CAN SUR MON SOLEX\u00a0\u00bb a \u00e9t\u00e9 ajout\u00e9 \u00e0 votre panier\" role=\"button\">Ajouter au panier<\/a>\t<span id=\"woocommerce_loop_add_to_cart_link_describedby_1661\" class=\"screen-reader-text\">\n\t\t\t<\/span>\n<\/li>\n<\/ul>\n<\/div>\n","protected":false},"excerpt":{"rendered":"CD R.CAN L&rsquo;INEXIPLICABLE 15.00&nbsp;&euro; Ajouter au panier CD R.CAN TEMOIGNAGE 15.00&nbsp;&euro; Ajouter au panier CD R.CAN SUR MON SOLEX 20.00&nbsp;&euro; Ajouter au panier","protected":false},"author":1,"featured_media":0,"parent":0,"menu_order":0,"comment_status":"closed","ping_status":"closed","template":"","meta":{"footnotes":""},"class_list":["post-1037","page","type-page","status-publish","hentry"],"_links":{"self":[{"href":"https:\/\/www.rcan.fr\/index.php\/wp-json\/wp\/v2\/pages\/1037","targetHints":{"allow":["GET"]}}],"collection":[{"href":"https:\/\/www.rcan.fr\/index.php\/wp-json\/wp\/v2\/pages"}],"about":[{"href":"https:\/\/www.rcan.fr\/index.php\/wp-json\/wp\/v2\/types\/page"}],"author":[{"embeddable":true,"href":"https:\/\/www.rcan.fr\/index.php\/wp-json\/wp\/v2\/users\/1"}],"replies":[{"embeddable":true,"href":"https:\/\/www.rcan.fr\/index.php\/wp-json\/wp\/v2\/comments?post=1037"}],"version-history":[{"count":0,"href":"https:\/\/www.rcan.fr\/index.php\/wp-json\/wp\/v2\/pages\/1037\/revisions"}],"wp:attachment":[{"href":"https:\/\/www.rcan.fr\/index.php\/wp-json\/wp\/v2\/media?parent=1037"}],"curies":[{"name":"wp","href":"https:\/\/api.w.org\/{rel}","templated":true}]}}